 (z - 8/6)*-12?
4
Let o(q) = 240*q - 129. What is the units digit of o(12)?
1
Let i(w) = w**2 - w - 1. Let q be i(-1). Let z(d) = -d. Let h(j) = -13*j - 2. Let m(f) = q*h(f) - 5*z(f). What is the tens digit of m(-5)?
3
Suppose 0 = 4*j - 20, -11 = -4*x + 2*j - j. Suppose 5*u - 6 - 9 = 0, -4*a + 120 = x*u. Let c = -14 + a. What is the units digit of c?
3
Suppose -3*m - 3*a = 0, a + 0 = 4*m - 25. Suppose 41 = r - 17. Suppose m*u - 163 + r = 0. What is the tens digit of u?
2
Let m(p) = -p**2 + 90*p + 129. What is the units digit of m(28)?
5
Let q(l) = -20*l. Let r be q(-6). Let g = -78 + r. Suppose h = -2*h + g. What is the tens digit of h?
1
Let j(q) = 75*q + 1266. What is the units digit of j(23)?
1
Let a(m) = -2*m**2 + 2*m + 5*m**2 + 5*m**2. Let y be a(-2). Let v = y + -6. What is the tens digit of v?
2
Suppose z + 46 = 2*b + 2*b, 5*b + 25 = 0. Let t be 39/(-1) - 1/(-1). Let n = t - z. What is the units digit of n?
8
Let f(j) = 2*j**2 - 5*j - 5. Let w be f(5). Suppose -3*y + 2*y + 5*a - 36 = 0, a - w = y. Let s = y + 37. What is the tens digit of s?
2
Let k be ((-61)/(-2))/(5 - (-54)/(-12)). Suppose -v - 2*v - 108 = 0. Let p = v + k. What is the units digit of p?
5
Suppose 0 = 3*b + 2*g + 6, 0 = -2*b - 5*g - 4. Let x(o) = 32*o**2 + 6*o + 1. What is the units digit of x(b)?
7
Let u(j) = -6*j - 9. Let q be u(-6). Suppose 0 = 5*o - 3*o. Suppose 2*w + w - q = o. What is the units digit of w?
9
Let t = -30 - -21. Let n(z) = z**2 + z + 5. What is the tens digit of n(t)?
7
Let f be ((-4)/8)/(3 - 111/36). Suppose -7*a + f + 386 = 0. What is the units digit of a?
6
Let x = -1793 - -6485. What is the hundreds digit of x?
6
Let t = 27 + -43. What is the units digit of (t/4 - -3) + 99?
8
Suppose 1146 = 3*m - 5*d, -3*m + 3*d + 378 = -2*m. What is the hundreds digit of m?
3
Suppose 0 = z + 3*g + 12, 4*z + 0*z + 2*g + 18 = 0. Let l be z + (-3 + 3)/(-2). What is the units digit of (l/(-1))/((-3)/(-2))?
2
Let m = 3 + 179. What is the hundreds digit of m?
1
Suppose 0 = -m - m - 58. Let c be -10 + 10 - (-66)/1. Let b = c + m. What is the units digit of b?
7
Let i = -5 - -4. Let q be (i + 4)/((-3)/(-4)). Let o(v) = 2*v**2 - 3*v + 3. What is the units digit of o(q)?
3
Let w = 32 + -19. Suppose z + l - w = 0, -2*l - 1 = z - 19. What is the units digit of z?
8
Let x be 0/((1 - 1) + 1). Suppose 8 = -2*h, -3*h = 9*f - 8*f - 61. Suppose -3*m + f + 11 = x. What is the units digit of m?
8
Let u be ((-288)/(-20))/(3/15). Let v be (6/8)/(27/u). Suppose l = v*l - 21. What is the units digit of l?
1
Let o(f) = 59*f + 45. What is the units digit of o(9)?
6
Suppose -6*n - 280 = -11*n - 5*p, 6 = 2*p. What is the tens digit of n?
5
What is the units digit of (-1 + 12/(-18)*-445)*3?
7
Suppose 7*i - 6 = 4*i. What is the units digit of (-1)/(0 - i/124)?
2
Let d(g) = 520*g**3 + 2*g - 3. Let a be d(1). What is the tens digit of a/11 - 4*3/66?
4
Suppose -5318 - 617 = -5*j. What is the hundreds digit of j?
1
Suppose -1971 - 1445 = -4*s. What is the tens digit of s?
5
Let y(d) = 3 + 4*d - 12 + 2*d**2 - d**2. What is the tens digit of y(-10)?
5
Suppose -5*b - 3864 = -12*b. What is the hundreds digit of b?
5
Let v(b) = 510*b + 3. What is the units digit of v(3)?
3
Let s(l) = 15*l**2 + 12*l - 27. What is the hundreds digit of s(-5)?
2
Let y = -81 - -160. Let s = y - 56. What is the tens digit of s?
2
What is the hundreds digit of -3 - -887 - (7 - 3 - -1)?
8
Let t(g) = g**2 + 10*g - 20. Let k be t(-12). Suppose -786 = -3*d + 3*j, -k*d + 641 = -j - 395. What is the tens digit of d?
5
Let w = -3041 + 4297. What is the units digit of w?
6
Suppose 18 = 2*d - 14. Let s = d - 11. Let g = 10 - s. What is the units digit of g?
5
Let b(x) = x**3 + 6*x**2 + 4*x - 1. Let c(m) = m + m**2 - 13*m + 3*m - 14. Let z be c(10). What is the units digit of b(z)?
5
Suppose -2504 = 7*k - 6620. What is the hundreds digit of k?
5
Let f = -49 - -52. Suppose 341 = 4*o + 3*r, -f*r + 2 = o - 72. What is the tens digit of o?
8
Suppose 0 = 5*y + 3*n - 55, -3*n + 27 = -0*y + 3*y. Let z(a) = -2*a**2 + y*a**2 + 11*a - a - 6 + a**3. What is the units digit of z(-11)?
5
Let p(w) = -w**3 - 13*w**2 - w - 42. What is the hundreds digit of p(-17)?
1
What is the units digit of (-6)/(-33) + 4298*(-25)/(-110)?
7
Let f(n) = n**2 + 11*n - 18. Let x = -7 + -6. What is the units digit of f(x)?
8
Let w(s) = s**3 - 8*s**2 - 12*s - 23. Let m be w(10). Suppose -67*z - m = -68*z. What is the units digit of z?
7
Suppose 0 = s + 4*z - 6, 5*s - 2*s + 5*z = 4. Let o be s/(-9) - (-48)/27. Let g(r) = 4*r**3 + 3*r**2 - 2*r + 1. What is the units digit of g(o)?
1
Suppose 4*v = 5*v - 4. Suppose 174 - 26 = v*b. What is the units digit of b?
7
Let x(r) = 29*r + 32. Let u(w) = -20*w - 15. Let q(d) = 10*d + 8. Let o(b) = 7*q(b) + 3*u(b). Let v(t) = -17*o(t) + 6*x(t). What is the units digit of v(5)?
5
Let g = 5937 - 3923. What is the units digit of g?
4
Let b(d) = -d**2 + 12*d - 14. Let m be b(13). Let h = 71 + m. What is the tens digit of h?
4
Suppose 3*u - 178 = 41. What is the units digit of u?
3
Let r(u) = 2*u**2 + 5*u - 8. Let b be r(-6). Suppose -2*n - 6*j + j = 7, -n + 5*j + b = 0. What is the units digit of 86/5 - n/45?
7
Let d(h) = h + 11. Let l be d(-8). Let y(p) = 8*p**2 - l*p + 6*p - p - 2*p**2. What is the units digit of y(-3)?
8
Suppose 10 = -28*v + 23*v. What is the units digit of v/(-4 - (-92)/24)?
2
Let x = 169 + -671. Let m = x + 805. What is the hundreds digit of m?
3
Suppose -4*c + 2 + 70 = 0. Suppose 82 = j - c. Suppose j = 5*l - h - h, -h - 5 = 0. What is the tens digit of l?
1
Let l(j) = -j**3 + 7*j**2 - 8*j + 7. Let w be l(6). Let v = 67 - 48. Let a = w + v. What is the units digit of a?
4
Let w = -7 + 7. Suppose w = 2*f + 3*f - 525. Suppose 4*r = 7*g - 2*g - f, 2*g + 3*r = 19. What is the units digit of g?
7
Suppose 5*a = 2916 + 1954. What is the units digit of a?
4
Let j = -26 - -30. Suppose 3*s - a - 101 = 42, j*s - 204 = -2*a. What is the units digit of s?
9
Let q(m) = -m**2 - 4*m - 1. Let k be q(-3). Suppose 2*o + 4 = 3*o. Suppose -k*u - 2*u = 4*v - o, -2*v - 1 = 3*u. What is the units digit of v?
4
Let a(u) = 2*u**2 + 8*u - 1. Let g(v) = 4*v**2 + 1. Let h be g(-1). Suppose -h*y = -10, -k + 5*y = -6*k - 20. What is the units digit of a(k)?
3
Let h = -2 + 5. Suppose -5*u = -h*u. Suppose -2*t + 7*t - 125 = u. What is the tens digit of t?
2
Let p(s) = 3*s**2 + 8*s - 8. Let b(o) = -15*o**2 - 40*o + 41. Let x(c) = 2*b(c) + 11*p(c). What is the units digit of x(-6)?
4
Let v = -335 - -759. What is the tens digit of v?
2
Suppose 4*j = -2*p + 10, -p + j + 5 = -3. Let k(l) = 6*l**3 + l**2 - 2. Let g be k(1). Suppose p*n - 26 = g*n. What is the units digit of n?
3
Suppose -860 = 8*g - 9*g + 2*c, 5*c - 2547 = -3*g. What is the hundreds digit of g?
8
Suppose 4*g - 12 = 10*g. Let f(n) = -64*n - 4. What is the hundreds digit of f(g)?
1
Let r(u) = u**2 - 12*u - 52. Let w be r(12). Let a be (-3 - 0)*8/6. Let v = a - w. What is the units digit of v?
8
Let a be 1*(2 + 6/2). Suppose -o = -a*c - 4*o - 243, 143 = -3*c + o. Let y = -23 - c. What is the tens digit of y?
2
Suppose -29*v + 12*v = -22831. What is the tens digit of v?
4
What is the units digit of ((-3178)/(-28))/((-57)/30 + 2)?
5
Let w = -42 - -41. What is the units digit of ((-3 - w) + 0)*(-231)/6?
7
Suppose -197 = -3*g + 4*n, 2*g + n - 135 = -0*g. Suppose -4*b = 5*j - 68 - g, 5 = b. Let y = -14 + j. What is the units digit of y?
9
Suppose -42*m - 215 = -43*m. Suppose -6*x + m = -973. What is the units digit of x?
8
Let t = -911 - -3123. What is the thousands digit of t?
2
Suppose -11*c + 3 = -8*c. Let n(k) = k**3 + 3*k**2 + 3*k. Let b be n(-2). What is the units digit of 16 + c/(b/6)?
3
Let v(b) = b + 20. Let r(a) = a**3 + 11*a**2 - 11*a - 3. Let s be r(-12). What is the units digit of v(s)?
5
Let y(a) = a**3 + 10*a**2 + 6*a - 1. Suppose 3 = -7*u + 4*u. Let w be (15/(-6) - u)*6. What is the tens digit of y(w)?
2
Let o = 3094 + -2060. What is the thousands digit of o?
1
Let t be 0/(3/9*9). Suppose t = o - 0 - 1. What is the units digit of o?
1
What is the thousands digit of 1374/((50/30)/5)?
4
Let s(z) = -5*z - 1. Let a(t) = -14*t - 2. Let u(m) = 4*a(m) - 11*s(m). Let f be u(0). Suppose 0 = -f*o + 176 - 56. What is the tens digit of o?
4
Let f = 93 - 90. Suppose 0 = -2*i - 11 + 75